hat are the prime factors of 16085326?
2, 23, 89, 3929
What are the prime factors of 1937395?
5, 233, 1663
List the prime factors of 92830.
2, 5, 9283
What are the prime factors of 127996?
2, 11, 2909
List the prime factors of 547215.
3, 5, 191
List the prime factors of 1418113.
283, 5011
List the prime factors of 2950541.
11, 347, 773
What are the prime factors of 2980321?
17, 19, 9227
List the prime factors of 1846576.
2, 131, 881
What are the prime factors of 102922?
2, 51461
What are the prime factors of 821242?
2, 410621
List the prime factors of 109299.
3, 36433
List the prime factors of 4598504.
2, 574813
List the prime factors of 291206.
2, 145603
List the prime factors of 5859799.
11, 532709
List the prime factors of 2081478.
2, 3, 7, 49559
List the prime factors of 647967.
3, 43, 5023
What are the prime factors of 617779?
383, 1613
List the prime factors of 312196.
2, 78049
What are the prime factors of 5156003?
739, 6977
What are the prime factors of 722217?
3, 240739
List the prime factors of 317570.
2, 5, 11, 2887
List the prime factors of 143741.
13, 11057
What are the prime factors of 9361930?
2, 5, 47, 19919
List the prime factors of 404662.
2, 19, 23, 463
What are the prime factors of 996717?
3, 457, 727
List the prime factors of 164183.
164183
List the prime factors of 539003.
539003
List the prime factors of 225372.
2, 3, 7, 2683
What are the prime factors of 1765431?
3, 196159
List the prime factors of 461163.
3, 347, 443
What are the prime factors of 481154?
2, 113, 2129
List the prime factors of 178339.
7, 73, 349
List the prime factors of 1075185.
3, 5, 23893
List the prime factors of 237588.
2, 3, 13, 1523
List the prime factors of 6148950.
2, 3, 5, 40993
List the prime factors of 765074.
2, 277, 1381
What are the prime factors of 220993?
223, 991
List the prime factors of 1809506.
2, 71, 12743
What are the prime factors of 1499002?
2, 23, 32587
List the prime factors of 1841335.
5, 113, 3259
List the prime factors of 708393.
3, 7, 61, 79
List the prime factors of 18788862.
2, 3, 3131477
What are the prime factors of 278298?
2, 3, 15461
What are the prime factors of 396233?
37, 10709
What are the prime factors of 124689?
3, 89, 467
List the prime factors of 700405.
5, 127, 1103
List the prime factors of 1048848.
2, 3, 21851
List the prime factors of 407194.
2, 73, 2789
List the prime factors of 3015523.
7, 430789
List the prime factors of 6489786.
2, 3, 1081631
List the prime factors of 22558753.
7, 3222679
What are the prime factors of 60483?
3, 20161
List the prime factors of 3210044.
2, 802511
What are the prime factors of 6615221?
6615221
What are the prime factors of 7363434?
2, 3, 13, 67, 1409
What are the prime factors of 24764957?
7, 3537851
What are the prime factors of 3945529?
7, 11503
List the prime factors of 71024.
2, 23, 193
What are the prime factors of 356051?
37, 9623
List the prime factors of 22853370.
2, 3, 5, 761779
What are the prime factors of 4694290?
2, 5, 469429
What are the prime factors of 49956?
2, 3, 23, 181
List the prime factors of 15983587.
17, 67, 14033
What are the prime factors of 1971474?
2, 3, 328579
List the prime factors of 371741.
223, 1667
What are the prime factors of 692921?
23, 47, 641
List the prime factors of 253237.
73, 3469
What are the prime factors of 2901379?
13, 53, 4211
List the prime factors of 582809.
582809
List the prime factors of 2083741.
11, 17, 1013
List the prime factors of 584223.
3, 23, 8467
What are the prime factors of 467891?
17, 1619
List the prime factors of 3630058.
2, 41, 44269
List the prime factors of 6190607.
31, 199697
List the prime factors of 13690361.
13690361
What are the prime factors of 93640?
2, 5, 2341
What are the prime factors of 1097636?
2, 59, 4651
List the prime factors of 824588.
2, 211, 977
What are the prime factors of 3422853?
3, 7, 54331
List the prime factors of 8282926.
2, 571, 7253
List the prime factors of 13195483.
7, 1885069
What are the prime factors of 5619287?
5619287
List the prime factors of 9096089.
59, 151, 1021
What are the prime factors of 88057?
173, 509
What are the prime factors of 834864?
2, 3, 17393
List the prime factors of 77157.
3, 8573
List the prime factors of 490824.
2, 3, 17, 401
What are the prime factors of 41286?
2, 3, 7, 983
What are the prime factors of 128723?
7, 37, 71
List the prime factors of 497050.
2, 5, 9941
List the prime factors of 14295314.
2, 11, 649787
List the prime factors of 157378.
2, 13, 6053
What are the prime factors of 5069827?
7, 19, 38119
List the prime factors of 1002680.
2, 5, 7, 3581
List the prime factors of 28558047.
3, 7, 761, 1787
What are the prime factors of 1361442?
2, 3, 226907
List the prime factors of 188324.
2, 23, 89
What are the prime factors of 70840?
2, 5, 7, 11, 23
What are the prime factors of 752904?
2, 3, 10457
List the prime factors of 158829.
3, 11, 4813
List the prime factors of 130898.
2, 65449
What are the prime factors of 611823?
3, 23, 8867
List the prime factors of 642365.
5, 128473
List the prime factors of 2420908.
2, 7, 86461
List the prime factors of 4102031.
509, 8059
List the prime factors of 39702.
2, 3, 13, 509
What are the prime factors of 85241?
13, 79, 83
What are the prime factors of 68210?
2, 5, 19, 359
List the prime factors of 43769.
11, 23, 173
What are the prime factors of 199599?
3, 66533
List the prime factors of 19650.
2, 3, 5, 131
List the prime factors of 62817.
3, 20939
What are the prime factors of 10717903?
7, 1531129
List the prime factors of 17999960.
2, 5, 11, 3719
List the prime factors of 3307903.
3307903
List the prime factors of 4361485.
5, 191, 4567
List the prime factors of 783276.
2, 3, 13, 5021
List the prime factors of 1907444.
2, 7, 11, 563
List the prime factors of 996798.
2, 3, 11, 1373
What are the prime factors of 9345537?
3, 38459
What are the prime factors of 28508050?
2, 5, 570161
What are the prime factors of 117096?
2, 3, 7, 17, 41
List the prime factors of 176394.
2, 3, 29399
What are the prime factors of 3033990?
2, 3, 5, 17, 661
List the prime factors of 1664892.
2, 3, 103, 449
List the prime factors of 5190293.
5190293
What are the prime factors of 7103203?
109, 65167
List the prime factors of 23032126.
2, 13, 683, 1297
List the prime factors of 1108544.
2, 17321
List the prime factors of 1917019.
13, 239, 617
List the prime factors of 4429759.
61, 101, 719
What are the prime factors of 781101?
3, 59, 1471
What are the prime factors of 501444?
2, 3, 4643
List the prime factors of 191689.
191689
List the prime factors of 349420.
2, 5, 17471
What are the prime factors of 753623?
13, 29, 1999
What are the prime factors of 2862216?
2, 3, 7, 631
List the prime factors of 240433.
240433
List the prime factors of 1198952.
2, 73, 2053
What are the prime factors of 895059?
3, 11, 9041
What are the prime factors of 187334?
2, 7, 13381
What are the prime factors of 6275218?
2, 3137609
What are the prime factors of 210776?
2, 26347
What are the prime factors of 541068?
2, 3, 11, 4099
What are the prime factors of 425790?
2, 3, 5, 19, 83
List the prime factors of 9966070.
2, 5, 19, 52453
List the prime factors of 2783228.
2, 7, 99401
List the prime factors of 389091.
3, 23, 5639
What are the prime factors of 15685?
5, 3137
What are the prime factors of 10893?
3, 3631
List the prime factors of 421500.
2, 3, 5, 281
List the prime factors of 3526624.
2, 191, 577
What are the prime factors of 2364279?
3, 788093
List the prime factors of 503800.
2, 5, 11, 229
List the prime factors of 45026.
2, 47, 479
What are the prime factors of 3971850?
2, 3, 5, 26479
List the prime factors of 975358.
2, 17, 28687
What are the prime factors of 31615215?
3, 5, 367, 5743
What are the prime factors of 196500?
2, 3, 5, 131
What are the prime factors of 6025544?
2, 7, 107599
What are the prime factors of 5053932?
2, 3, 13, 10799
List the prime factors of 25968713.
2341, 11093
List the prime factors of 18982112.
2, 281, 2111
What are the prime factors of 6608546?
2, 7, 17, 27767
What are the prime factors of 912699?
3, 101411
List the prime factors of 290756.
2, 72689
What are the prime factors of 463213?
463213
What are the prime factors of 4772811?
3, 1590937
What are the prime factors of 383555?
5, 41, 1871
List the prime f